CRAN Package Check Results for Package maczic

Last updated on 2022-06-28 23:54:08 CEST.

Flavor Version Tinstall Tcheck Ttotal Status Flags
r-devel-linux-x86_64-debian-clang 0.2.0 24.41 180.26 204.67 OK
r-devel-linux-x86_64-debian-gcc 0.2.0 18.82 136.24 155.06 OK
r-devel-linux-x86_64-fedora-clang 0.2.0 248.55 NOTE
r-devel-linux-x86_64-fedora-gcc 0.2.0 246.22 NOTE
r-devel-windows-x86_64 0.2.0 26.00 198.00 224.00 OK
r-patched-linux-x86_64 0.2.0 28.04 168.34 196.38 OK
r-release-linux-x86_64 0.2.0 21.14 169.72 190.86 OK
r-release-macos-arm64 0.2.0 68.00 NOTE
r-release-macos-x86_64 0.2.0 114.00 NOTE
r-release-windows-x86_64 0.2.0 26.00 190.00 216.00 OK
r-oldrel-macos-arm64 0.2.0 60.00 NOTE
r-oldrel-macos-x86_64 0.2.0 130.00 NOTE
r-oldrel-windows-ix86+x86_64 0.2.0 49.00 190.00 239.00 OK

Check Details

Version: 0.2.0
Check: dependencies in R code
Result: NOTE
    Namespace in Imports field not imported from: ‘mathjaxr’
     All declared Imports should be used.
Flavors: r-devel-linux-x86_64-fedora-clang, r-devel-linux-x86_64-fedora-gcc, r-release-macos-arm64, r-release-macos-x86_64, r-oldrel-macos-arm64, r-oldrel-macos-x86_64