Last updated on 2021-01-24 23:47:35 CET.
Flavor | Version | Tinstall | Tcheck | Ttotal | Status | Flags |
---|---|---|---|---|---|---|
r-devel-linux-x86_64-debian-clang | 0.1.4 | 5.55 | 41.72 | 47.27 | OK | |
r-devel-linux-x86_64-debian-gcc | 0.1.4 | 3.98 | 30.82 | 34.80 | OK | |
r-devel-linux-x86_64-fedora-clang | 0.1.4 | 61.58 | NOTE | |||
r-devel-linux-x86_64-fedora-gcc | 0.1.4 | 51.88 | OK | |||
r-devel-windows-ix86+x86_64 | 0.1.4 | 17.00 | 59.00 | 76.00 | NOTE | |
r-patched-linux-x86_64 | 0.1.4 | 4.19 | 38.05 | 42.24 | OK | |
r-patched-solaris-x86 | 0.1.4 | 81.00 | NOTE | |||
r-release-linux-x86_64 | 0.1.4 | 4.84 | 38.14 | 42.98 | OK | |
r-release-macos-x86_64 | 0.1.4 | NOTE | ||||
r-release-windows-ix86+x86_64 | 0.1.4 | 32.00 | 59.00 | 91.00 | NOTE | |
r-oldrel-macos-x86_64 | 0.1.4 | NOTE | ||||
r-oldrel-windows-ix86+x86_64 | 0.1.4 | 14.00 | 58.00 | 72.00 | NOTE |
Version: 0.1.4
Check: installed package size
Result: NOTE
installed size is 12.3Mb
sub-directories of 1Mb or more:
TS_files 5.9Mb
base_files 6.3Mb
Flavors: r-devel-linux-x86_64-fedora-clang, r-devel-windows-ix86+x86_64, r-patched-solaris-x86, r-release-macos-x86_64, r-release-windows-ix86+x86_64, r-oldrel-macos-x86_64, r-oldrel-windows-ix86+x86_64