CRAN Package Check Results for Package mRMRe

Last updated on 2021-04-21 23:48:08 CEST.

Flavor Version Tinstall Tcheck Ttotal Status Flags
r-devel-linux-x86_64-debian-clang 2.1.0 14.02 94.23 108.25 WARN
r-devel-linux-x86_64-debian-gcc 2.1.0 10.96 72.49 83.45 WARN
r-devel-linux-x86_64-fedora-clang 2.1.0 144.24 OK
r-devel-linux-x86_64-fedora-gcc 2.1.0 134.59 OK
r-devel-windows-ix86+x86_64 2.1.0 32.00 160.00 192.00 OK
r-devel-windows-x86_64-gcc10-UCRT 2.1.0 OK
r-patched-linux-x86_64 2.1.0 13.22 87.39 100.61 OK
r-patched-solaris-x86 2.1.0 198.30 OK
r-release-linux-x86_64 2.1.0 12.52 88.08 100.60 OK
r-release-macos-x86_64 2.1.0 WARN
r-release-windows-ix86+x86_64 2.1.0 34.00 150.00 184.00 OK
r-oldrel-macos-x86_64 2.1.0 OK
r-oldrel-windows-ix86+x86_64 2.1.0 33.00 157.00 190.00 OK

Check Details

Version: 2.1.0
Check: data for ASCII and uncompressed saves
Result: WARN
    
     Note: significantly better compression could be obtained
     by using R CMD build --resave-data
     old_size new_size compress
     cgps.rda 1.5Mb 1.4Mb xz
Flavors: r-devel-linux-x86_64-debian-clang, r-devel-linux-x86_64-debian-gcc, r-release-macos-x86_64