CRAN Package Check Results for Package lvmcomp

Last updated on 2022-11-28 22:51:27 CET.

Flavor Version Tinstall Tcheck Ttotal Status Flags
r-devel-linux-x86_64-debian-clang 1.2 81.83 40.40 122.23 OK
r-devel-linux-x86_64-debian-gcc 1.2 63.94 29.57 93.51 OK
r-devel-linux-x86_64-fedora-clang 1.2 196.20 OK
r-devel-linux-x86_64-fedora-gcc 1.2 173.72 OK
r-devel-windows-x86_64 1.2 70.00 91.00 161.00 OK
r-patched-linux-x86_64 1.2 75.80 37.71 113.51 OK
r-release-linux-x86_64 1.2 69.12 37.88 107.00 OK
r-release-macos-arm64 1.2 41.00 OK
r-release-macos-x86_64 1.2 58.00 OK
r-release-windows-x86_64 1.2 64.00 94.00 158.00 OK
r-oldrel-macos-arm64 1.2 41.00 NOTE
r-oldrel-macos-x86_64 1.2 86.00 OK
r-oldrel-windows-ix86+x86_64 1.2 209.00 103.00 312.00 OK

Check Details

Version: 1.2
Check: installed package size
Result: NOTE
     installed size is 5.3Mb
     sub-directories of 1Mb or more:
     libs 5.2Mb
Flavor: r-oldrel-macos-arm64