CRAN Package Check Results for Package lunar

Last updated on 2019-09-15 23:46:24 CEST.

Flavor Version Tinstall Tcheck Ttotal Status Flags
r-devel-linux-x86_64-debian-clang 0.1-04 2.13 17.84 19.97 NOTE
r-devel-linux-x86_64-debian-gcc 0.1-04 1.61 14.51 16.12 NOTE
r-devel-linux-x86_64-fedora-clang 0.1-04 24.10 NOTE
r-devel-linux-x86_64-fedora-gcc 0.1-04 23.48 NOTE
r-devel-windows-ix86+x86_64 0.1-04 7.00 27.00 34.00 NOTE
r-patched-linux-x86_64 0.1-04 1.60 18.07 19.67 NOTE
r-patched-solaris-x86 0.1-04 36.60 NOTE
r-release-linux-x86_64 0.1-04 1.42 17.75 19.17 NOTE
r-release-windows-ix86+x86_64 0.1-04 5.00 37.00 42.00 NOTE
r-release-osx-x86_64 0.1-04 NOTE
r-oldrel-windows-ix86+x86_64 0.1-04 3.00 26.00 29.00 NOTE
r-oldrel-osx-x86_64 0.1-04 NOTE

Check Details

Version: 0.1-04
Check: R code for possible problems
Result: NOTE
    terrestrial.season: no visible global function definition for 'is'
    Undefined global functions or variables:
     is
    Consider adding
     importFrom("methods", "is")
    to your NAMESPACE file (and ensure that your DESCRIPTION Imports field
    contains 'methods').
Flavors: r-devel-linux-x86_64-debian-clang, r-devel-linux-x86_64-debian-gcc, r-devel-linux-x86_64-fedora-clang, r-devel-linux-x86_64-fedora-gcc, r-devel-windows-ix86+x86_64, r-patched-linux-x86_64, r-patched-solaris-x86, r-release-linux-x86_64, r-release-windows-ix86+x86_64, r-release-osx-x86_64, r-oldrel-windows-ix86+x86_64, r-oldrel-osx-x86_64