CRAN Package Check Results for Package lspline

Last updated on 2023-01-27 23:38:02 CET.

Flavor Version Tinstall Tcheck Ttotal Status Flags
r-devel-linux-x86_64-debian-clang 1.0-0 2.09 32.06 34.15 NOTE
r-devel-linux-x86_64-debian-gcc 1.0-0 1.38 24.78 26.16 NOTE
r-devel-linux-x86_64-fedora-clang 1.0-0 43.62 NOTE
r-devel-linux-x86_64-fedora-gcc 1.0-0 52.13 NOTE
r-devel-windows-x86_64 1.0-0 12.00 60.00 72.00 NOTE
r-patched-linux-x86_64 1.0-0 1.95 31.61 33.56 NOTE
r-release-linux-x86_64 1.0-0 1.56 31.59 33.15 NOTE
r-release-macos-arm64 1.0-0 21.00 NOTE
r-release-macos-x86_64 1.0-0 28.00 NOTE
r-release-windows-x86_64 1.0-0 14.00 61.00 75.00 NOTE
r-oldrel-macos-arm64 1.0-0 22.00 NOTE
r-oldrel-macos-x86_64 1.0-0 29.00 NOTE
r-oldrel-windows-ix86+x86_64 1.0-0 5.00 56.00 61.00 NOTE

Check Details

Version: 1.0-0
Check: LazyData
Result: NOTE
     'LazyData' is specified without a 'data' directory
Flavors: r-devel-linux-x86_64-debian-clang, r-devel-linux-x86_64-debian-gcc, r-devel-linux-x86_64-fedora-clang, r-devel-linux-x86_64-fedora-gcc, r-devel-windows-x86_64, r-patched-linux-x86_64, r-release-linux-x86_64, r-release-macos-arm64, r-release-macos-x86_64, r-release-windows-x86_64, r-oldrel-macos-arm64, r-oldrel-macos-x86_64, r-oldrel-windows-ix86+x86_64