CRAN Package Check Results for Package lpmodeler

Last updated on 2022-05-17 23:56:39 CEST.

Flavor Version Tinstall Tcheck Ttotal Status Flags
r-devel-linux-x86_64-debian-clang 0.2-1 1.70 31.64 33.34 NOTE
r-devel-linux-x86_64-debian-gcc 0.2-1 1.58 24.71 26.29 NOTE
r-devel-linux-x86_64-fedora-clang 0.2-1 41.31 NOTE
r-devel-linux-x86_64-fedora-gcc 0.2-1 40.23 NOTE
r-devel-windows-x86_64 0.2-1 18.00 48.00 66.00 NOTE
r-patched-linux-x86_64 0.2-1 2.28 30.39 32.67 NOTE
r-release-linux-x86_64 0.2-1 1.84 30.15 31.99 NOTE
r-release-macos-arm64 0.2-1 15.00 NOTE
r-release-macos-x86_64 0.2-1 21.00 NOTE
r-release-windows-x86_64 0.2-1 5.00 49.00 54.00 NOTE
r-oldrel-macos-arm64 0.2-1 16.00 NOTE
r-oldrel-macos-x86_64 0.2-1 26.00 NOTE
r-oldrel-windows-ix86+x86_64 0.2-1 4.00 36.00 40.00 NOTE

Check Details

Version: 0.2-1
Check: dependencies in R code
Result: NOTE
    'library' or 'require' call to 'Rsymphony' in package code.
     Please use :: or requireNamespace() instead.
     See section 'Suggested packages' in the 'Writing R Extensions' manual.
Flavors: r-devel-linux-x86_64-debian-clang, r-devel-linux-x86_64-debian-gcc, r-devel-linux-x86_64-fedora-clang, r-devel-linux-x86_64-fedora-gcc, r-devel-windows-x86_64, r-patched-linux-x86_64, r-release-linux-x86_64, r-release-macos-arm64, r-release-macos-x86_64, r-release-windows-x86_64, r-oldrel-macos-arm64, r-oldrel-macos-x86_64, r-oldrel-windows-ix86+x86_64

Version: 0.2-1
Check: R code for possible problems
Result: NOTE
    mipSolve.Rsymphony: no visible global function definition for
     'Rsymphony_solve_LP'
    Undefined global functions or variables:
     Rsymphony_solve_LP
Flavors: r-devel-linux-x86_64-debian-clang, r-devel-linux-x86_64-debian-gcc, r-devel-linux-x86_64-fedora-clang, r-devel-linux-x86_64-fedora-gcc, r-devel-windows-x86_64, r-patched-linux-x86_64, r-release-linux-x86_64, r-release-macos-arm64, r-release-macos-x86_64, r-release-windows-x86_64, r-oldrel-macos-arm64, r-oldrel-macos-x86_64, r-oldrel-windows-ix86+x86_64

Version: 0.2-1
Check: package dependencies
Result: NOTE
    Package suggested but not available for checking: ‘Rsymphony’
Flavor: r-oldrel-macos-arm64