CRAN Package Check Results for Package lpirfs

Last updated on 2021-02-23 23:50:38 CET.

Flavor Version Tinstall Tcheck Ttotal Status Flags
r-devel-linux-x86_64-debian-clang 0.1.9 138.69 207.72 346.41 OK
r-devel-linux-x86_64-debian-gcc 0.1.9 93.39 150.36 243.75 OK
r-devel-linux-x86_64-fedora-clang 0.1.9 479.16 NOTE
r-devel-linux-x86_64-fedora-gcc 0.1.9 442.20 OK
r-devel-windows-ix86+x86_64 0.1.9 227.00 431.00 658.00 OK
r-patched-linux-x86_64 0.1.9 88.10 196.88 284.98 OK
r-patched-solaris-x86 0.1.9 699.80 OK
r-release-linux-x86_64 0.1.9 83.87 192.60 276.47 OK
r-release-macos-x86_64 0.1.9 OK
r-release-windows-ix86+x86_64 0.1.9 324.00 584.00 908.00 OK
r-oldrel-macos-x86_64 0.1.9 OK
r-oldrel-windows-ix86+x86_64 0.1.9 204.00 515.00 719.00 OK

Check Details

Version: 0.1.9
Check: installed package size
Result: NOTE
     installed size is 6.5Mb
     sub-directories of 1Mb or more:
     libs 4.9Mb
Flavor: r-devel-linux-x86_64-fedora-clang