CRAN Package Check Results for Package lotri

Last updated on 2022-01-24 23:54:32 CET.

Flavor Version Tinstall Tcheck Ttotal Status Flags
r-devel-linux-x86_64-debian-clang 0.3.1 3.38 44.98 48.36 NOTE
r-devel-linux-x86_64-debian-gcc 0.3.1 3.37 34.15 37.52 NOTE
r-devel-linux-x86_64-fedora-clang 0.3.1 61.29 NOTE
r-devel-linux-x86_64-fedora-gcc 0.3.1 49.35 NOTE
r-devel-windows-x86_64-new-UL 0.3.1 26.00 68.00 94.00 NOTE
r-devel-windows-x86_64-new-TK 0.3.1 NOTE
r-patched-linux-x86_64 0.3.1 3.87 41.40 45.27 NOTE
r-release-linux-x86_64 0.3.1 3.29 42.27 45.56 NOTE
r-release-macos-arm64 0.3.1 NOTE
r-release-macos-x86_64 0.3.1 NOTE
r-release-windows-ix86+x86_64 0.3.1 15.00 63.00 78.00 NOTE
r-oldrel-macos-x86_64 0.3.1 OK
r-oldrel-windows-ix86+x86_64 0.3.1 14.00 62.00 76.00 OK

Check Details

Version: 0.3.1
Check: LazyData
Result: NOTE
     'LazyData' is specified without a 'data' directory
Flavors: r-devel-linux-x86_64-debian-clang, r-devel-linux-x86_64-debian-gcc, r-devel-linux-x86_64-fedora-clang, r-devel-linux-x86_64-fedora-gcc, r-devel-windows-x86_64-new-UL, r-devel-windows-x86_64-new-TK, r-patched-linux-x86_64, r-release-linux-x86_64, r-release-macos-arm64, r-release-macos-x86_64, r-release-windows-ix86+x86_64