Last updated on 2022-06-23 23:52:41 CEST.
Flavor | Version | Tinstall | Tcheck | Ttotal | Status | Flags |
---|---|---|---|---|---|---|
r-devel-linux-x86_64-debian-clang | 1.0-5 | 3.12 | 49.18 | 52.30 | NOTE | |
r-devel-linux-x86_64-debian-gcc | 1.0-5 | 2.57 | 37.99 | 40.56 | NOTE | |
r-devel-linux-x86_64-fedora-clang | 1.0-5 | 75.70 | NOTE | |||
r-devel-linux-x86_64-fedora-gcc | 1.0-5 | 74.12 | NOTE | |||
r-devel-windows-x86_64 | 1.0-5 | 39.00 | 98.00 | 137.00 | NOTE | |
r-patched-linux-x86_64 | 1.0-5 | 3.76 | 46.49 | 50.25 | NOTE | |
r-release-linux-x86_64 | 1.0-5 | 2.69 | 47.25 | 49.94 | NOTE | |
r-release-macos-arm64 | 1.0-5 | 25.00 | NOTE | |||
r-release-macos-x86_64 | 1.0-5 | 37.00 | NOTE | |||
r-release-windows-x86_64 | 1.0-5 | 39.00 | 103.00 | 142.00 | NOTE | |
r-oldrel-macos-arm64 | 1.0-5 | 29.00 | NOTE | |||
r-oldrel-macos-x86_64 | 1.0-5 | 54.00 | NOTE | |||
r-oldrel-windows-ix86+x86_64 | 1.0-5 | 7.00 | 81.00 | 88.00 | NOTE |
Version: 1.0-5
Check: LazyData
Result: NOTE
'LazyData' is specified without a 'data' directory
Flavors: r-devel-linux-x86_64-debian-clang, r-devel-linux-x86_64-debian-gcc, r-devel-linux-x86_64-fedora-clang, r-devel-linux-x86_64-fedora-gcc, r-devel-windows-x86_64, r-patched-linux-x86_64, r-release-linux-x86_64, r-release-macos-arm64, r-release-macos-x86_64, r-release-windows-x86_64, r-oldrel-macos-arm64, r-oldrel-macos-x86_64, r-oldrel-windows-ix86+x86_64