CRAN Package Check Results for Package logisticPCA

Last updated on 2022-05-17 23:56:39 CEST.

Flavor Version Tinstall Tcheck Ttotal Status Flags
r-devel-linux-x86_64-debian-clang 0.2 4.71 70.85 75.56 OK
r-devel-linux-x86_64-debian-gcc 0.2 2.93 52.86 55.79 OK
r-devel-linux-x86_64-fedora-clang 0.2 89.48 NOTE
r-devel-linux-x86_64-fedora-gcc 0.2 85.79 NOTE
r-devel-windows-x86_64 0.2 33.00 97.00 130.00 OK
r-patched-linux-x86_64 0.2 3.22 67.21 70.43 OK
r-release-linux-x86_64 0.2 4.31 65.36 69.67 OK
r-release-macos-arm64 0.2 33.00 OK
r-release-macos-x86_64 0.2 55.00 OK
r-release-windows-x86_64 0.2 38.00 98.00 136.00 OK
r-oldrel-macos-arm64 0.2 43.00 OK
r-oldrel-macos-x86_64 0.2 54.00 OK
r-oldrel-windows-ix86+x86_64 0.2 11.00 102.00 113.00 OK

Check Details

Version: 0.2
Check: compiled code
Result: NOTE
    File ‘logisticPCA/libs/logisticPCA.so’:
     Found no calls to: ‘R_registerRoutines’, ‘R_useDynamicSymbols’
    
    It is good practice to register native routines and to disable symbol
    search.
    
    See ‘Writing portable packages’ in the ‘Writing R Extensions’ manual.
Flavors: r-devel-linux-x86_64-fedora-clang, r-devel-linux-x86_64-fedora-gcc