CRAN Package Check Results for Package logKDE

Last updated on 2023-10-04 00:58:28 CEST.

Flavor Version Tinstall Tcheck Ttotal Status Flags
r-devel-linux-x86_64-debian-clang 0.3.2 22.53 63.04 85.57 NOTE
r-devel-linux-x86_64-debian-gcc 0.3.2 13.19 49.18 62.37 NOTE
r-devel-linux-x86_64-fedora-clang 0.3.2 111.59 NOTE
r-devel-linux-x86_64-fedora-gcc 0.3.2 120.72 NOTE
r-devel-windows-x86_64 0.3.2 14.00 94.00 108.00 NOTE
r-patched-linux-x86_64 0.3.2 18.27 63.74 82.01 NOTE
r-release-linux-x86_64 0.3.2 17.46 62.71 80.17 NOTE
r-release-macos-arm64 0.3.2 41.00 NOTE
r-release-macos-x86_64 0.3.2 65.00 NOTE
r-release-windows-x86_64 0.3.2 18.00 101.00 119.00 NOTE
r-oldrel-macos-arm64 0.3.2 33.00 NOTE
r-oldrel-macos-x86_64 0.3.2 46.00 NOTE
r-oldrel-windows-x86_64 0.3.2 23.00 104.00 127.00 NOTE

Check Details

Version: 0.3.2
Check: C++ specification
Result: NOTE
     Specified C++11: please drop specification unless essential
Flavors: r-devel-linux-x86_64-debian-clang, r-devel-linux-x86_64-debian-gcc, r-devel-linux-x86_64-fedora-clang, r-devel-linux-x86_64-fedora-gcc, r-devel-windows-x86_64, r-patched-linux-x86_64, r-release-linux-x86_64, r-release-macos-arm64, r-release-macos-x86_64, r-release-windows-x86_64

Version: 0.3.2
Check: LazyData
Result: NOTE
     'LazyData' is specified without a 'data' directory
Flavors: r-devel-linux-x86_64-debian-clang, r-devel-linux-x86_64-debian-gcc, r-devel-linux-x86_64-fedora-clang, r-devel-linux-x86_64-fedora-gcc, r-devel-windows-x86_64, r-patched-linux-x86_64, r-release-linux-x86_64, r-release-macos-arm64, r-release-macos-x86_64, r-release-windows-x86_64, r-oldrel-macos-arm64, r-oldrel-macos-x86_64, r-oldrel-windows-x86_64