Last updated on 2021-04-14 23:47:16 CEST.
Flavor | Version | Tinstall | Tcheck | Ttotal | Status | Flags |
---|---|---|---|---|---|---|
r-devel-linux-x86_64-debian-clang | 1.7.3 | 6.78 | 59.36 | 66.14 | OK | |
r-devel-linux-x86_64-debian-gcc | 1.7.3 | 4.69 | 45.51 | 50.20 | OK | |
r-devel-linux-x86_64-fedora-clang | 1.7.3 | 86.19 | NOTE | |||
r-devel-linux-x86_64-fedora-gcc | 1.7.3 | 76.97 | NOTE | |||
r-devel-windows-ix86+x86_64 | 1.7.3 | 17.00 | 7.00 | 24.00 | OK | |
r-devel-windows-x86_64-gcc10-UCRT | 1.7.3 | OK | ||||
r-patched-linux-x86_64 | 1.7.3 | 4.92 | 56.09 | 61.01 | OK | |
r-patched-solaris-x86 | 1.7.3 | 118.40 | OK | |||
r-release-linux-x86_64 | 1.7.3 | 6.00 | 56.50 | 62.50 | OK | |
r-release-macos-x86_64 | 1.7.3 | OK | ||||
r-release-windows-ix86+x86_64 | 1.7.3 | 12.00 | 104.00 | 116.00 | OK | |
r-oldrel-macos-x86_64 | 1.7.3 | OK | ||||
r-oldrel-windows-ix86+x86_64 | 1.7.3 | 12.00 | 77.00 | 89.00 | OK |
Version: 1.7.3
Check: compiled code
Result: NOTE
File ‘locits/libs/locits.so’:
Found no calls to: ‘R_registerRoutines’, ‘R_useDynamicSymbols’
It is good practice to register native routines and to disable symbol
search.
See ‘Writing portable packages’ in the ‘Writing R Extensions’ manual.
Flavors: r-devel-linux-x86_64-fedora-clang, r-devel-linux-x86_64-fedora-gcc