CRAN Package Check Results for Package localICE

Last updated on 2021-03-01 23:48:59 CET.

Flavor Version Tinstall Tcheck Ttotal Status Flags
r-devel-linux-x86_64-debian-clang 0.1.1 OK
r-devel-linux-x86_64-debian-gcc 0.1.1 3.20 36.51 39.71 OK
r-devel-linux-x86_64-fedora-clang 0.1.1 73.53 NOTE
r-devel-linux-x86_64-fedora-gcc 0.1.1 61.38 NOTE
r-devel-windows-ix86+x86_64 0.1.1 9.00 49.00 58.00 OK
r-patched-linux-x86_64 0.1.1 4.26 46.06 50.32 OK
r-patched-solaris-x86 0.1.1 85.60 NOTE
r-release-linux-x86_64 0.1.1 3.57 45.64 49.21 OK
r-release-macos-x86_64 0.1.1 NOTE
r-release-windows-ix86+x86_64 0.1.1 13.00 69.00 82.00 OK
r-oldrel-macos-x86_64 0.1.1 NOTE
r-oldrel-windows-ix86+x86_64 0.1.1 8.00 63.00 71.00 OK

Check Details

Version: 0.1.1
Check: dependencies in R code
Result: NOTE
    Namespace in Imports field not imported from: ‘checkmate’
     All declared Imports should be used.
Flavors: r-devel-linux-x86_64-fedora-clang, r-devel-linux-x86_64-fedora-gcc, r-patched-solaris-x86, r-release-macos-x86_64, r-oldrel-macos-x86_64