Last updated on 2021-02-25 23:49:02 CET.
Flavor | Version | Tinstall | Tcheck | Ttotal | Status | Flags |
---|---|---|---|---|---|---|
r-devel-linux-x86_64-debian-clang | 0.2.0 | 12.09 | 97.51 | 109.60 | OK | |
r-devel-linux-x86_64-debian-gcc | 0.2.0 | 9.16 | 73.21 | 82.37 | OK | |
r-devel-linux-x86_64-fedora-clang | 0.2.0 | 139.63 | NOTE | |||
r-devel-linux-x86_64-fedora-gcc | 0.2.0 | 123.80 | NOTE | |||
r-devel-windows-ix86+x86_64 | 0.2.0 | 19.00 | 87.00 | 106.00 | OK | |
r-patched-linux-x86_64 | 0.2.0 | 11.10 | 88.83 | 99.93 | OK | |
r-patched-solaris-x86 | 0.2.0 | 196.00 | NOTE | |||
r-release-linux-x86_64 | 0.2.0 | 10.94 | 89.33 | 100.27 | OK | |
r-release-macos-x86_64 | 0.2.0 | NOTE | ||||
r-release-windows-ix86+x86_64 | 0.2.0 | 29.00 | 119.00 | 148.00 | OK | |
r-oldrel-macos-x86_64 | 0.2.0 | WARN | ||||
r-oldrel-windows-ix86+x86_64 | 0.2.0 | 17.00 | 108.00 | 125.00 | OK |
Version: 0.2.0
Check: dependencies in R code
Result: NOTE
Namespace in Imports field not imported from: ‘shinyjs’
All declared Imports should be used.
Flavors: r-devel-linux-x86_64-fedora-clang, r-devel-linux-x86_64-fedora-gcc, r-patched-solaris-x86, r-release-macos-x86_64, r-oldrel-macos-x86_64
Version: 0.2.0
Check: whether package can be installed
Result: WARN
Found the following significant warnings:
Warning: 'rgl.init' failed, running with 'rgl.useNULL = TRUE'.
Flavor: r-oldrel-macos-x86_64