CRAN Package Check Results for Package lmviz

Last updated on 2020-05-24 23:47:47 CEST.

Flavor Version Tinstall Tcheck Ttotal Status Flags
r-devel-linux-x86_64-debian-clang 0.1.2 7.90 64.33 72.23 OK
r-devel-linux-x86_64-debian-gcc 0.1.2 7.14 50.88 58.02 OK
r-devel-linux-x86_64-fedora-clang 0.1.2 87.64 NOTE
r-devel-linux-x86_64-fedora-gcc 0.1.2 90.46 NOTE
r-devel-windows-ix86+x86_64 0.1.2 27.00 77.00 104.00 OK
r-patched-linux-x86_64 0.1.2 9.15 64.53 73.68 OK
r-patched-solaris-x86 0.1.2 138.10 NOTE
r-release-linux-x86_64 0.1.2 9.61 64.32 73.93 OK
r-release-osx-x86_64 0.1.2 NOTE
r-release-windows-ix86+x86_64 0.1.2 16.00 103.00 119.00 OK
r-oldrel-osx-x86_64 0.1.2 NOTE
r-oldrel-windows-ix86+x86_64 0.1.2 15.00 94.00 109.00 OK

Check Details

Version: 0.1.2
Check: dependencies in R code
Result: NOTE
    Namespace in Imports field not imported from: ‘shinyjs’
     All declared Imports should be used.
Flavors: r-devel-linux-x86_64-fedora-clang, r-devel-linux-x86_64-fedora-gcc, r-patched-solaris-x86, r-release-osx-x86_64, r-oldrel-osx-x86_64