CRAN Package Check Results for Package lmerTest

Last updated on 2020-02-17 00:49:16 CET.

Flavor Version Tinstall Tcheck Ttotal Status Flags
r-devel-linux-x86_64-debian-clang 3.1-1 12.58 238.77 251.35 OK
r-devel-linux-x86_64-debian-gcc 3.1-1 10.14 180.79 190.93 OK
r-devel-linux-x86_64-fedora-clang 3.1-1 295.55 OK
r-devel-linux-x86_64-fedora-gcc 3.1-1 289.51 OK
r-devel-windows-ix86+x86_64 3.1-1 27.00 257.00 284.00 OK
r-devel-windows-ix86+x86_64-gcc8 3.1-1 40.00 320.00 360.00 OK
r-patched-linux-x86_64 3.1-1 10.07 205.14 215.21 OK
r-patched-solaris-x86 3.1-1 365.40 OK
r-release-linux-x86_64 3.1-1 10.51 203.42 213.93 OK
r-release-windows-ix86+x86_64 3.1-1 20.00 208.00 228.00 OK
r-release-osx-x86_64 3.1-1 OK
r-oldrel-windows-ix86+x86_64 3.1-1 15.00 204.00 219.00 WARN
r-oldrel-osx-x86_64 3.1-1 OK

Check Details

Version: 3.1-1
Check: whether package can be installed
Result: WARN
    Found the following significant warnings:
     Warning: S3 methods '[.fun_list', '[.grouped_df', 'all.equal.tbl_df', 'anti_join.data.frame', 'anti_join.tbl_df', 'arrange.data.frame', 'arrange.default', 'arrange.grouped_df', 'arrange.tbl_df', 'arrange_.data.frame', 'arrange_.tbl_df', 'as.data.frame.grouped_df', 'as.data.frame.rowwise_df', 'as.data.frame.tbl_cube', 'as.table.tbl_cube', 'as.tbl.data.frame', 'as.tbl.tbl', 'as.tbl_cube.array', 'as.tbl_cube.data.frame', 'as.tbl_cube.matrix', 'as.tbl_cube.table', 'as_tibble.grouped_df', 'as_tibble.tbl_cube', 'auto_copy.tbl_cube', 'auto_copy.tbl_df', 'cbind.grouped_df', 'collapse.data.frame', 'collect.data.frame', 'common_by.NULL', 'common_by.character', 'common_by.default', 'common_by.list', 'compute.data.frame', 'copy_to.DBIConnection', 'copy_to.src_local', 'default_missing.data.frame', 'default_missing.default', 'dim.tbl_cube', 'distinct.data.frame', 'distinct.default', 'distinct.grouped_df', 'distinct.tbl_df', 'distinct_.data.frame', 'distinct_.grouped_df', 'distinct_.tbl_df', 'do.NULL', 'do.da [... truncated]
Flavor: r-oldrel-windows-ix86+x86_64