CRAN Package Check Results for Package lmPerm

Last updated on 2020-05-24 23:47:47 CEST.

Flavor Version Tinstall Tcheck Ttotal Status Flags
r-devel-linux-x86_64-debian-clang 2.1.0 5.18 43.94 49.12 OK
r-devel-linux-x86_64-debian-gcc 2.1.0 4.43 34.47 38.90 OK
r-devel-linux-x86_64-fedora-clang 2.1.0 62.16 NOTE
r-devel-linux-x86_64-fedora-gcc 2.1.0 63.40 NOTE
r-devel-windows-ix86+x86_64 2.1.0 18.00 69.00 87.00 OK
r-patched-linux-x86_64 2.1.0 5.18 44.34 49.52 OK
r-patched-solaris-x86 2.1.0 89.20 OK
r-release-linux-x86_64 2.1.0 5.38 43.89 49.27 OK
r-release-osx-x86_64 2.1.0 OK
r-release-windows-ix86+x86_64 2.1.0 10.00 106.00 116.00 OK
r-oldrel-osx-x86_64 2.1.0 OK
r-oldrel-windows-ix86+x86_64 2.1.0 10.00 92.00 102.00 OK

Check Details

Version: 2.1.0
Check: compiled code
Result: NOTE
    File ‘lmPerm/libs/lmPerm.so’:
     Found no calls to: ‘R_registerRoutines’, ‘R_useDynamicSymbols’
    
    It is good practice to register native routines and to disable symbol
    search.
    
    See ‘Writing portable packages’ in the ‘Writing R Extensions’ manual.
Flavors: r-devel-linux-x86_64-fedora-clang, r-devel-linux-x86_64-fedora-gcc