CRAN Package Check Results for Package listviewer

Last updated on 2022-08-11 23:52:12 CEST.

Flavor Version Tinstall Tcheck Ttotal Status Flags
r-devel-linux-x86_64-debian-clang 3.0.0 2.55 30.60 33.15 NOTE
r-devel-linux-x86_64-debian-gcc 3.0.0 2.26 23.94 26.20 NOTE
r-devel-linux-x86_64-fedora-clang 3.0.0 51.33 NOTE
r-devel-linux-x86_64-fedora-gcc 3.0.0 50.43 NOTE
r-devel-windows-x86_64 3.0.0 11.00 61.00 72.00 NOTE
r-patched-linux-x86_64 3.0.0 3.09 29.13 32.22 NOTE
r-release-linux-x86_64 3.0.0 2.98 29.22 32.20 NOTE
r-release-macos-arm64 3.0.0 14.00 NOTE
r-release-macos-x86_64 3.0.0 31.00 NOTE
r-release-windows-x86_64 3.0.0 17.00 62.00 79.00 NOTE
r-oldrel-macos-arm64 3.0.0 22.00 NOTE
r-oldrel-macos-x86_64 3.0.0 28.00 NOTE
r-oldrel-windows-ix86+x86_64 3.0.0 8.00 48.00 56.00 NOTE

Check Details

Version: 3.0.0
Check: LazyData
Result: NOTE
     'LazyData' is specified without a 'data' directory
Flavors: r-devel-linux-x86_64-debian-clang, r-devel-linux-x86_64-debian-gcc, r-devel-linux-x86_64-fedora-clang, r-devel-linux-x86_64-fedora-gcc, r-devel-windows-x86_64, r-patched-linux-x86_64, r-release-linux-x86_64, r-release-macos-arm64, r-release-macos-x86_64, r-release-windows-x86_64, r-oldrel-macos-arm64, r-oldrel-macos-x86_64, r-oldrel-windows-ix86+x86_64