CRAN Package Check Results for Package listarrays

Last updated on 2022-12-02 23:50:31 CET.

Flavor Version Tinstall Tcheck Ttotal Status Flags
r-devel-linux-x86_64-debian-clang 0.3.1 3.22 35.37 38.59 NOTE
r-devel-linux-x86_64-debian-gcc 0.3.1 2.00 26.94 28.94 NOTE
r-devel-linux-x86_64-fedora-clang 0.3.1 55.43 NOTE
r-devel-linux-x86_64-fedora-gcc 0.3.1 58.00 NOTE
r-devel-windows-x86_64 0.3.1 40.00 64.00 104.00 NOTE
r-patched-linux-x86_64 0.3.1 2.88 33.52 36.40 NOTE
r-release-linux-x86_64 0.3.1 2.28 33.14 35.42 NOTE
r-release-macos-arm64 0.3.1 17.00 NOTE
r-release-macos-x86_64 0.3.1 25.00 NOTE
r-release-windows-x86_64 0.3.1 33.00 65.00 98.00 NOTE
r-oldrel-macos-arm64 0.3.1 18.00 NOTE
r-oldrel-macos-x86_64 0.3.1 33.00 NOTE
r-oldrel-windows-ix86+x86_64 0.3.1 7.00 57.00 64.00 NOTE

Check Details

Version: 0.3.1
Check: LazyData
Result: NOTE
     'LazyData' is specified without a 'data' directory
Flavors: r-devel-linux-x86_64-debian-clang, r-devel-linux-x86_64-debian-gcc, r-devel-linux-x86_64-fedora-clang, r-devel-linux-x86_64-fedora-gcc, r-devel-windows-x86_64, r-patched-linux-x86_64, r-release-linux-x86_64, r-release-macos-arm64, r-release-macos-x86_64, r-release-windows-x86_64, r-oldrel-macos-arm64, r-oldrel-macos-x86_64, r-oldrel-windows-ix86+x86_64

Version: 0.3.1
Check: Rd cross-references
Result: NOTE
    Undeclared package ‘keras’ in Rd xrefs
Flavor: r-devel-linux-x86_64-fedora-clang