Last updated on 2023-03-20 00:54:09 CET.
Flavor | Version | Tinstall | Tcheck | Ttotal | Status | Flags |
---|---|---|---|---|---|---|
r-devel-linux-x86_64-debian-clang | 0.1.2 | OK | ||||
r-devel-linux-x86_64-debian-gcc | 0.1.2 | 3.23 | 31.64 | 34.87 | OK | |
r-devel-linux-x86_64-fedora-clang | 0.1.2 | 60.16 | NOTE | |||
r-devel-linux-x86_64-fedora-gcc | 0.1.2 | 66.28 | NOTE | |||
r-patched-linux-x86_64 | 0.1.2 | 4.54 | 40.55 | 45.09 | OK | |
r-release-linux-x86_64 | 0.1.2 | 3.44 | 40.54 | 43.98 | OK | |
r-release-macos-arm64 | 0.1.2 | 23.00 | NOTE | |||
r-release-macos-x86_64 | 0.1.2 | 34.00 | NOTE | |||
r-release-windows-x86_64 | 0.1.2 | 14.00 | 69.00 | 83.00 | OK | |
r-oldrel-macos-arm64 | 0.1.2 | 24.00 | NOTE | |||
r-oldrel-macos-x86_64 | 0.1.2 | 31.00 | NOTE | |||
r-oldrel-windows-ix86+x86_64 | 0.1.2 | 11.00 | 68.00 | 79.00 | OK |
Version: 0.1.2
Check: data for non-ASCII characters
Result: NOTE
Note: found 32 marked UTF-8 strings
Flavors: r-devel-linux-x86_64-fedora-clang, r-devel-linux-x86_64-fedora-gcc, r-release-macos-arm64, r-release-macos-x86_64, r-oldrel-macos-arm64, r-oldrel-macos-x86_64