CRAN Package Check Results for Package linkprediction

Last updated on 2021-04-21 23:48:06 CEST.

Flavor Version Tinstall Tcheck Ttotal Status Flags
r-devel-linux-x86_64-debian-clang 1.0-0 2.48 29.13 31.61 NOTE
r-devel-linux-x86_64-debian-gcc 1.0-0 1.90 23.38 25.28 NOTE
r-devel-linux-x86_64-fedora-clang 1.0-0 49.44 NOTE
r-devel-linux-x86_64-fedora-gcc 1.0-0 41.09 NOTE
r-devel-windows-ix86+x86_64 1.0-0 6.00 48.00 54.00 NOTE
r-devel-windows-x86_64-gcc10-UCRT 1.0-0 NOTE
r-patched-linux-x86_64 1.0-0 2.48 28.56 31.04 OK
r-patched-solaris-x86 1.0-0 60.20 OK
r-release-linux-x86_64 1.0-0 2.19 28.21 30.40 OK
r-release-macos-x86_64 1.0-0 OK
r-release-windows-ix86+x86_64 1.0-0 5.00 43.00 48.00 OK
r-oldrel-macos-x86_64 1.0-0 OK
r-oldrel-windows-ix86+x86_64 1.0-0 15.00 34.00 49.00 OK

Check Details

Version: 1.0-0
Check: LazyData
Result: NOTE
     'LazyData' is specified without a 'data' directory
Flavors: r-devel-linux-x86_64-debian-clang, r-devel-linux-x86_64-debian-gcc, r-devel-linux-x86_64-fedora-clang, r-devel-linux-x86_64-fedora-gcc, r-devel-windows-ix86+x86_64, r-devel-windows-x86_64-gcc10-UCRT