CRAN Package Check Results for Package lingtypology

Last updated on 2020-09-22 23:53:12 CEST.

Flavor Version Tinstall Tcheck Ttotal Status Flags
r-devel-linux-x86_64-debian-clang 1.1.3 6.80 74.79 81.59 OK
r-devel-linux-x86_64-debian-gcc 1.1.3 5.56 57.69 63.25 OK
r-devel-linux-x86_64-fedora-clang 1.1.3 104.63 NOTE
r-devel-linux-x86_64-fedora-gcc 1.1.3 96.56 NOTE
r-devel-windows-ix86+x86_64 1.1.3 13.00 114.00 127.00 OK
r-patched-linux-x86_64 1.1.3 5.95 70.87 76.82 OK
r-patched-solaris-x86 1.1.3 135.30 NOTE
r-release-linux-x86_64 1.1.3 5.74 71.42 77.16 OK
r-release-macos-x86_64 1.1.3 NOTE
r-release-windows-ix86+x86_64 1.1.3 13.00 117.00 130.00 OK
r-oldrel-macos-x86_64 1.1.3 NOTE
r-oldrel-windows-ix86+x86_64 1.1.3 8.00 78.00 86.00 OK

Check Details

Version: 1.1.3
Check: Rd cross-references
Result: NOTE
    Undeclared package ‘magrittr’ in Rd xrefs
Flavor: r-devel-linux-x86_64-fedora-clang

Version: 1.1.3
Check: data for non-ASCII characters
Result: NOTE
     Note: found 1529 marked UTF-8 strings
Flavors: r-devel-linux-x86_64-fedora-clang, r-devel-linux-x86_64-fedora-gcc, r-patched-solaris-x86, r-release-macos-x86_64, r-oldrel-macos-x86_64