CRAN Package Check Results for Package lineartestr

Last updated on 2022-01-21 23:48:51 CET.

Flavor Version Tinstall Tcheck Ttotal Status Flags
r-devel-linux-x86_64-debian-clang 1.0.0 2.27 43.95 46.22 NOTE
r-devel-linux-x86_64-debian-gcc 1.0.0 2.04 33.56 35.60 NOTE
r-devel-linux-x86_64-fedora-clang 1.0.0 56.33 NOTE
r-devel-linux-x86_64-fedora-gcc 1.0.0 45.36 NOTE
r-devel-windows-x86_64-new-UL 1.0.0 32.00 72.00 104.00 NOTE
r-devel-windows-x86_64-new-TK 1.0.0 NOTE
r-patched-linux-x86_64 1.0.0 2.66 41.19 43.85 NOTE
r-release-linux-x86_64 1.0.0 2.49 41.76 44.25 NOTE
r-release-macos-arm64 1.0.0 NOTE
r-release-macos-x86_64 1.0.0 NOTE
r-release-windows-ix86+x86_64 1.0.0 7.00 56.00 63.00 NOTE
r-oldrel-macos-x86_64 1.0.0 OK
r-oldrel-windows-ix86+x86_64 1.0.0 7.00 56.00 63.00 OK

Check Details

Version: 1.0.0
Check: LazyData
Result: NOTE
     'LazyData' is specified without a 'data' directory
Flavors: r-devel-linux-x86_64-debian-clang, r-devel-linux-x86_64-debian-gcc, r-devel-linux-x86_64-fedora-clang, r-devel-linux-x86_64-fedora-gcc, r-devel-windows-x86_64-new-UL, r-devel-windows-x86_64-new-TK, r-patched-linux-x86_64, r-release-linux-x86_64, r-release-macos-arm64, r-release-macos-x86_64, r-release-windows-ix86+x86_64