Last updated on 2022-06-25 23:56:21 CEST.
Flavor | Version | Tinstall | Tcheck | Ttotal | Status | Flags |
---|---|---|---|---|---|---|
r-devel-linux-x86_64-debian-clang | 0.9 | 5.54 | 67.72 | 73.26 | NOTE | |
r-devel-linux-x86_64-debian-gcc | 0.9 | 4.47 | 50.87 | 55.34 | NOTE | |
r-devel-linux-x86_64-fedora-clang | 0.9 | 97.87 | NOTE | |||
r-devel-linux-x86_64-fedora-gcc | 0.9 | 95.40 | NOTE | |||
r-devel-windows-x86_64 | 0.9 | 14.00 | 94.00 | 108.00 | NOTE | |
r-patched-linux-x86_64 | 0.9 | 5.05 | 63.14 | 68.19 | NOTE | |
r-release-linux-x86_64 | 0.9 | 5.39 | 62.26 | 67.65 | NOTE | |
r-release-macos-arm64 | 0.9 | 25.00 | NOTE | |||
r-release-macos-x86_64 | 0.9 | 53.00 | NOTE | |||
r-release-windows-x86_64 | 0.9 | 15.00 | 96.00 | 111.00 | NOTE | |
r-oldrel-macos-arm64 | 0.9 | 37.00 | NOTE | |||
r-oldrel-macos-x86_64 | 0.9 | 47.00 | NOTE | |||
r-oldrel-windows-ix86+x86_64 | 0.9 | 15.00 | 84.00 | 99.00 | NOTE |
Version: 0.9
Check: LazyData
Result: NOTE
'LazyData' is specified without a 'data' directory
Flavors: r-devel-linux-x86_64-debian-clang, r-devel-linux-x86_64-debian-gcc, r-devel-linux-x86_64-fedora-clang, r-devel-linux-x86_64-fedora-gcc, r-devel-windows-x86_64, r-patched-linux-x86_64, r-release-linux-x86_64, r-release-macos-arm64, r-release-macos-x86_64, r-release-windows-x86_64, r-oldrel-macos-arm64, r-oldrel-macos-x86_64, r-oldrel-windows-ix86+x86_64