CRAN Package Check Results for Package lightr

Last updated on 2021-04-21 23:48:06 CEST.

Flavor Version Tinstall Tcheck Ttotal Status Flags
r-devel-linux-x86_64-debian-clang 1.4 4.22 77.96 82.18 OK
r-devel-linux-x86_64-debian-gcc 1.4 3.20 59.90 63.10 OK
r-devel-linux-x86_64-fedora-clang 1.4 113.76 NOTE
r-devel-linux-x86_64-fedora-gcc 1.4 102.11 OK
r-devel-windows-ix86+x86_64 1.4 9.00 90.00 99.00 OK
r-devel-windows-x86_64-gcc10-UCRT 1.4 OK
r-patched-linux-x86_64 1.4 4.53 76.71 81.24 OK
r-patched-solaris-x86 1.4 141.60 OK
r-release-linux-x86_64 1.4 4.53 77.58 82.11 OK
r-release-macos-x86_64 1.4 OK
r-release-windows-ix86+x86_64 1.4 9.00 103.00 112.00 OK
r-oldrel-macos-x86_64 1.4 OK
r-oldrel-windows-ix86+x86_64 1.4 6.00 79.00 85.00 OK

Check Details

Version: 1.4
Check: Rd cross-references
Result: NOTE
    Undeclared package ‘future’ in Rd xrefs
Flavor: r-devel-linux-x86_64-fedora-clang