Last updated on 2023-02-03 23:51:39 CET.
Flavor | Version | Tinstall | Tcheck | Ttotal | Status | Flags |
---|---|---|---|---|---|---|
r-devel-linux-x86_64-debian-clang | 1.7.0 | 3.66 | 87.59 | 91.25 | OK | |
r-devel-linux-x86_64-debian-gcc | 1.7.0 | 3.55 | 63.74 | 67.29 | OK | |
r-devel-linux-x86_64-fedora-clang | 1.7.0 | 113.66 | NOTE | |||
r-devel-linux-x86_64-fedora-gcc | 1.7.0 | 121.12 | OK | |||
r-devel-windows-x86_64 | 1.7.0 | 24.00 | 147.00 | 171.00 | OK | |
r-patched-linux-x86_64 | 1.7.0 | 4.50 | 84.70 | 89.20 | OK | |
r-release-linux-x86_64 | 1.7.0 | 4.70 | 83.01 | 87.71 | OK | |
r-release-macos-arm64 | 1.7.0 | 44.00 | OK | |||
r-release-macos-x86_64 | 1.7.0 | 52.00 | OK | |||
r-release-windows-x86_64 | 1.7.0 | 62.00 | 146.00 | 208.00 | OK | |
r-oldrel-macos-arm64 | 1.7.0 | 45.00 | OK | |||
r-oldrel-macos-x86_64 | 1.7.0 | 51.00 | OK | |||
r-oldrel-windows-ix86+x86_64 | 1.7.0 | 10.00 | 120.00 | 130.00 | OK |
Version: 1.7.0
Check: Rd cross-references
Result: NOTE
Undeclared package ‘future’ in Rd xrefs
Flavor: r-devel-linux-x86_64-fedora-clang