CRAN Package Check Results for Package lidR

Last updated on 2024-06-14 00:53:47 CEST.

Flavor Version Tinstall Tcheck Ttotal Status Flags
r-devel-linux-x86_64-debian-clang 4.1.1 169.33 549.76 719.09 NOTE
r-devel-linux-x86_64-debian-gcc 4.1.1 124.38 311.03 435.41 ERROR
r-devel-linux-x86_64-fedora-clang 4.1.1 898.84 NOTE
r-devel-linux-x86_64-fedora-gcc 4.1.1 908.05 NOTE
r-devel-windows-x86_64 4.1.1 126.00 376.00 502.00 NOTE
r-patched-linux-x86_64 4.1.1 154.61 520.41 675.02 OK
r-release-linux-x86_64 4.1.1 163.79 520.21 684.00 OK
r-release-macos-arm64 4.1.1 203.00 NOTE
r-release-macos-x86_64 4.1.1 311.00 NOTE
r-release-windows-x86_64 4.1.1 137.00 379.00 516.00 NOTE
r-oldrel-macos-arm64 4.1.1 214.00 NOTE
r-oldrel-macos-x86_64 4.1.1 464.00 NOTE
r-oldrel-windows-x86_64 4.1.1 165.00 492.00 657.00 NOTE

Additional issues

noSuggests

Check Details

Version: 4.1.1
Check: compiled code
Result: NOTE File ‘lidR/libs/lidR.so’: Found non-API calls to R: ‘R_curErrorBuf’, ‘SETLENGTH’ Compiled code should not call non-API entry points in R. See ‘Writing portable packages’ in the ‘Writing R Extensions’ manual. Flavors: r-devel-linux-x86_64-debian-clang, r-devel-linux-x86_64-debian-gcc, r-devel-linux-x86_64-fedora-clang, r-devel-linux-x86_64-fedora-gcc

Version: 4.1.1
Check: package dependencies
Result: NOTE Packages suggested but not available for checking: 'mapedit', 'progress', 'testthat' Flavor: r-devel-linux-x86_64-debian-gcc

Version: 4.1.1
Check: tests
Result: ERROR Running ‘testthat.R’ [0s/1s] Running the tests in ‘tests/testthat.R’ failed. Complete output: > Sys.setenv("R_TESTS" = "") > > library(testthat) Error in library(testthat) : there is no package called 'testthat' Execution halted Flavor: r-devel-linux-x86_64-debian-gcc

Version: 4.1.1
Check: installed package size
Result: NOTE installed size is 5.4Mb sub-directories of 1Mb or more: R 1.0Mb doc 1.0Mb extdata 1.1Mb libs 1.7Mb Flavors: r-devel-windows-x86_64, r-release-macos-arm64, r-release-macos-x86_64, r-release-windows-x86_64, r-oldrel-macos-arm64, r-oldrel-macos-x86_64, r-oldrel-windows-x86_64

Version: 4.1.1
Check: compiled code
Result: NOTE File 'lidR/libs/x64/lidR.dll': Found non-API calls to R: 'R_curErrorBuf', 'SETLENGTH' Compiled code should not call non-API entry points in R. See 'Writing portable packages' in the 'Writing R Extensions' manual. Flavor: r-devel-windows-x86_64