Last updated on 2023-09-21 00:56:35 CEST.
Flavor | Version | Tinstall | Tcheck | Ttotal | Status | Flags |
---|---|---|---|---|---|---|
r-devel-linux-x86_64-debian-clang | 1.8-2 | 60.48 | 618.06 | 678.54 | NOTE | |
r-devel-linux-x86_64-debian-gcc | 1.8-2 | 48.89 | 445.18 | 494.07 | NOTE | |
r-devel-linux-x86_64-fedora-clang | 1.8-2 | 849.60 | NOTE | |||
r-devel-linux-x86_64-fedora-gcc | 1.8-2 | 898.49 | NOTE | |||
r-devel-windows-x86_64 | 1.8-2 | 54.00 | 466.00 | 520.00 | NOTE | |
r-patched-linux-x86_64 | 1.8-2 | 78.16 | 599.40 | 677.56 | NOTE | |
r-release-linux-x86_64 | 1.8-2 | 66.83 | 599.03 | 665.86 | NOTE | |
r-release-macos-arm64 | 1.8-2 | 200.00 | OK | |||
r-release-macos-x86_64 | 1.8-2 | 415.00 | OK | |||
r-release-windows-x86_64 | 1.8-2 | 66.00 | 599.00 | 665.00 | NOTE | |
r-oldrel-macos-arm64 | 1.8-2 | 226.00 | OK | |||
r-oldrel-macos-x86_64 | 1.8-2 | 363.00 | OK | |||
r-oldrel-windows-x86_64 | 1.8-2 | 66.00 | 501.00 | 567.00 | NOTE |
Version: 1.8-2
Check: package dependencies
Result: NOTE
Package suggested but not available for checking: ‘gpclib’
Flavors: r-devel-linux-x86_64-debian-clang, r-devel-linux-x86_64-debian-gcc, r-devel-linux-x86_64-fedora-clang, r-devel-linux-x86_64-fedora-gcc, r-devel-windows-x86_64, r-patched-linux-x86_64, r-release-linux-x86_64, r-release-windows-x86_64, r-oldrel-windows-x86_64