CRAN Package Check Results for Package lfl

Last updated on 2022-12-03 23:56:18 CET.

Flavor Version Tinstall Tcheck Ttotal Status Flags
r-devel-linux-x86_64-debian-clang 2.2.0 78.90 144.47 223.37 OK
r-devel-linux-x86_64-debian-gcc 2.2.0 63.20 107.15 170.35 OK
r-devel-linux-x86_64-fedora-clang 2.2.0 324.97 OK
r-devel-linux-x86_64-fedora-gcc 2.2.0 306.31 OK
r-devel-windows-x86_64 2.2.0 106.00 202.00 308.00 NOTE
r-patched-linux-x86_64 2.2.0 68.45 131.54 199.99 OK
r-release-linux-x86_64 2.2.0 64.78 129.76 194.54 OK
r-release-macos-arm64 2.2.0 78.00 OK
r-release-macos-x86_64 2.2.0 100.00 OK
r-release-windows-x86_64 2.2.0 113.00 195.00 308.00 NOTE
r-oldrel-macos-arm64 2.2.0 78.00 OK
r-oldrel-macos-x86_64 2.2.0 109.00 OK
r-oldrel-windows-ix86+x86_64 2.2.0 188.00 281.00 469.00 NOTE

Check Details

Version: 2.2.0
Check: package dependencies
Result: NOTE
    Package suggested but not available for checking: 'doMC'
Flavors: r-devel-windows-x86_64, r-release-windows-x86_64, r-oldrel-windows-ix86+x86_64

Version: 2.2.0
Check: Rd cross-references
Result: NOTE
    Package unavailable to check Rd xrefs: 'doMC'
Flavor: r-oldrel-windows-ix86+x86_64