Last updated on 2021-04-21 23:48:06 CEST.
Flavor | Version | Tinstall | Tcheck | Ttotal | Status | Flags |
---|---|---|---|---|---|---|
r-devel-linux-x86_64-debian-clang | 3.9.9 | 38.86 | 221.67 | 260.53 | OK | |
r-devel-linux-x86_64-debian-gcc | 3.9.9 | 27.80 | 163.44 | 191.24 | OK | |
r-devel-linux-x86_64-fedora-clang | 3.9.9 | 334.25 | NOTE | |||
r-devel-linux-x86_64-fedora-gcc | 3.9.9 | 313.90 | OK | |||
r-devel-windows-ix86+x86_64 | 3.9.9 | 56.00 | 229.00 | 285.00 | NOTE | |
r-devel-windows-x86_64-gcc10-UCRT | 3.9.9 | OK | ||||
r-patched-linux-x86_64 | 3.9.9 | 40.79 | 201.98 | 242.77 | OK | |
r-patched-solaris-x86 | 3.9.9 | 362.30 | NOTE | |||
r-release-linux-x86_64 | 3.9.9 | 35.20 | 200.46 | 235.66 | OK | |
r-release-macos-x86_64 | 3.9.9 | NOTE | ||||
r-release-windows-ix86+x86_64 | 3.9.9 | 57.00 | 252.00 | 309.00 | NOTE | |
r-oldrel-macos-x86_64 | 3.9.9 | NOTE | ||||
r-oldrel-windows-ix86+x86_64 | 3.9.9 | 38.00 | 186.00 | 224.00 | NOTE |
Version: 3.9.9
Check: installed package size
Result: NOTE
installed size is 5.1Mb
sub-directories of 1Mb or more:
R 1.2Mb
doc 2.9Mb
Flavors: r-devel-linux-x86_64-fedora-clang, r-devel-windows-ix86+x86_64, r-patched-solaris-x86, r-release-macos-x86_64, r-release-windows-ix86+x86_64, r-oldrel-macos-x86_64, r-oldrel-windows-ix86+x86_64