CRAN Package Check Results for Package lemon

Last updated on 2019-10-13 23:47:23 CEST.

Flavor Version Tinstall Tcheck Ttotal Status Flags
r-devel-linux-x86_64-debian-clang 0.4.3 8.42 161.02 169.44 NOTE
r-devel-linux-x86_64-debian-gcc 0.4.3 7.41 118.73 126.14 NOTE
r-devel-linux-x86_64-fedora-clang 0.4.3 190.27 NOTE
r-devel-linux-x86_64-fedora-gcc 0.4.3 189.80 NOTE
r-devel-windows-ix86+x86_64 0.4.3 19.00 226.00 245.00 OK
r-patched-linux-x86_64 0.4.3 7.38 148.88 156.26 OK
r-patched-solaris-x86 0.4.3 254.00 OK
r-release-linux-x86_64 0.4.3 7.90 151.09 158.99 OK
r-release-windows-ix86+x86_64 0.4.3 27.00 156.00 183.00 OK
r-release-osx-x86_64 0.4.3 OK
r-oldrel-windows-ix86+x86_64 0.4.3 14.00 163.00 177.00 OK
r-oldrel-osx-x86_64 0.4.3 OK

Check Details

Version: 0.4.3
Check: for non-standard things in the check directory
Result: NOTE
    Found the following files/directories:
     'data' 'rawdata' 'results' 'tmp.Rdata'
Flavors: r-devel-linux-x86_64-debian-clang, r-devel-linux-x86_64-debian-gcc, r-devel-linux-x86_64-fedora-clang, r-devel-linux-x86_64-fedora-gcc