CRAN Package Check Results for Package lefse

Last updated on 2019-12-08 23:47:27 CET.

Flavor Version Tinstall Tcheck Ttotal Status Flags
r-devel-linux-x86_64-debian-clang 0.1 10.29 87.15 97.44 NOTE
r-devel-linux-x86_64-debian-gcc 0.1 9.06 68.22 77.28 NOTE
r-devel-linux-x86_64-fedora-clang 0.1 118.50 NOTE
r-devel-linux-x86_64-fedora-gcc 0.1 111.65 NOTE
r-devel-windows-ix86+x86_64 0.1 17.00 131.00 148.00 NOTE
r-devel-windows-ix86+x86_64-gcc8 0.1 18.00 130.00 148.00 NOTE
r-patched-linux-x86_64 0.1 9.95 79.24 89.19 NOTE
r-patched-solaris-x86 0.1 162.50 NOTE
r-release-linux-x86_64 0.1 8.21 79.21 87.42 NOTE
r-release-windows-ix86+x86_64 0.1 17.00 88.00 105.00 NOTE
r-release-osx-x86_64 0.1 NOTE
r-oldrel-windows-ix86+x86_64 0.1 10.00 84.00 94.00 NOTE
r-oldrel-osx-x86_64 0.1 NOTE

Check Details

Version: 0.1
Check: R code for possible problems
Result: NOTE
    Fmntd.a : Fmntd.a.sub: no visible global function definition for
     'weighted.mean'
    Fmpd : Fmpd.sub: no visible global function definition for 'as.dist'
    Fmpd.a : Fmpd.a.sub: no visible global function definition for
     'weighted.mean'
    Fsntd : Fsntd.sub: no visible global function definition for 'sd'
    com.trait.moments : skewness: no visible global function definition for
     'var'
    com.trait.moments : kurtosis: no visible global function definition for
     'var'
    com.trait.moments : sd.funk: no visible global function definition for
     'sd'
    com.trait.weighted : weight.mean.funk: no visible global function
     definition for 'weighted.mean'
    Undefined global functions or variables:
     as.dist sd var weighted.mean
    Consider adding
     importFrom("stats", "as.dist", "sd", "var", "weighted.mean")
    to your NAMESPACE file.
Flavors: r-devel-linux-x86_64-debian-clang, r-devel-linux-x86_64-debian-gcc, r-devel-linux-x86_64-fedora-clang, r-devel-linux-x86_64-fedora-gcc, r-devel-windows-ix86+x86_64, r-devel-windows-ix86+x86_64-gcc8, r-patched-linux-x86_64, r-patched-solaris-x86, r-release-linux-x86_64, r-release-windows-ix86+x86_64, r-release-osx-x86_64, r-oldrel-windows-ix86+x86_64, r-oldrel-osx-x86_64