Last updated on 2022-06-29 23:53:22 CEST.
Flavor | Version | Tinstall | Tcheck | Ttotal | Status | Flags |
---|---|---|---|---|---|---|
r-devel-linux-x86_64-debian-clang | 1.0.4 | 11.09 | 105.11 | 116.20 | OK | |
r-devel-linux-x86_64-debian-gcc | 1.0.4 | 9.78 | 78.65 | 88.43 | OK | |
r-devel-linux-x86_64-fedora-clang | 1.0.4 | 150.19 | WARN | |||
r-devel-linux-x86_64-fedora-gcc | 1.0.4 | 149.33 | WARN | |||
r-devel-windows-x86_64 | 1.0.4 | 32.00 | 128.00 | 160.00 | OK | |
r-patched-linux-x86_64 | 1.0.4 | 11.67 | 101.20 | 112.87 | OK | |
r-release-linux-x86_64 | 1.0.4 | 12.73 | 103.65 | 116.38 | OK | |
r-release-macos-arm64 | 1.0.4 | 43.00 | OK | |||
r-release-macos-x86_64 | 1.0.4 | 63.00 | OK | |||
r-release-windows-x86_64 | 1.0.4 | 40.00 | 132.00 | 172.00 | OK | |
r-oldrel-macos-arm64 | 1.0.4 | 51.00 | OK | |||
r-oldrel-macos-x86_64 | 1.0.4 | 69.00 | OK | |||
r-oldrel-windows-ix86+x86_64 | 1.0.4 | 26.00 | 123.00 | 149.00 | OK |
Version: 1.0.4
Check: package dependencies
Result: WARN
Requires orphaned package: ‘gtools’
Flavors: r-devel-linux-x86_64-fedora-clang, r-devel-linux-x86_64-fedora-gcc