CRAN Package Check Results for Package leafpm

Last updated on 2019-10-13 23:47:23 CEST.

Flavor Version Tinstall Tcheck Ttotal Status Flags
r-devel-linux-x86_64-debian-clang 0.1.0 1.79 18.53 20.32 OK
r-devel-linux-x86_64-debian-gcc 0.1.0 1.65 15.35 17.00 OK
r-devel-linux-x86_64-fedora-clang 0.1.0 26.04 NOTE
r-devel-linux-x86_64-fedora-gcc 0.1.0 25.19 NOTE
r-devel-windows-ix86+x86_64 0.1.0 8.00 35.00 43.00 OK
r-patched-linux-x86_64 0.1.0 1.63 18.30 19.93 OK
r-patched-solaris-x86 0.1.0 39.00 NOTE
r-release-linux-x86_64 0.1.0 1.71 18.03 19.74 OK
r-release-windows-ix86+x86_64 0.1.0 10.00 47.00 57.00 OK
r-release-osx-x86_64 0.1.0 NOTE
r-oldrel-windows-ix86+x86_64 0.1.0 2.00 30.00 32.00 OK
r-oldrel-osx-x86_64 0.1.0 NOTE

Check Details

Version: 0.1.0
Check: dependencies in R code
Result: NOTE
    Namespaces in Imports field not imported from:
     ‘dplyr’ ‘htmlwidgets’ ‘jsonlite’ ‘sf’
     All declared Imports should be used.
Flavors: r-devel-linux-x86_64-fedora-clang, r-devel-linux-x86_64-fedora-gcc, r-patched-solaris-x86, r-release-osx-x86_64, r-oldrel-osx-x86_64