CRAN Package Check Results for Package leafpm

Last updated on 2020-05-24 23:47:47 CEST.

Flavor Version Tinstall Tcheck Ttotal Status Flags
r-devel-linux-x86_64-debian-clang 0.1.0 2.31 21.07 23.38 OK
r-devel-linux-x86_64-debian-gcc 0.1.0 1.83 16.68 18.51 OK
r-devel-linux-x86_64-fedora-clang 0.1.0 28.54 NOTE
r-devel-linux-x86_64-fedora-gcc 0.1.0 28.82 NOTE
r-devel-windows-ix86+x86_64 0.1.0 11.00 35.00 46.00 OK
r-patched-linux-x86_64 0.1.0 2.22 21.22 23.44 OK
r-patched-solaris-x86 0.1.0 46.10 NOTE
r-release-linux-x86_64 0.1.0 2.25 20.85 23.10 OK
r-release-osx-x86_64 0.1.0 NOTE
r-release-windows-ix86+x86_64 0.1.0 11.00 49.00 60.00 OK
r-oldrel-osx-x86_64 0.1.0 NOTE
r-oldrel-windows-ix86+x86_64 0.1.0 4.00 43.00 47.00 OK

Check Details

Version: 0.1.0
Check: dependencies in R code
Result: NOTE
    Namespaces in Imports field not imported from:
     ‘dplyr’ ‘htmlwidgets’ ‘jsonlite’ ‘sf’
     All declared Imports should be used.
Flavors: r-devel-linux-x86_64-fedora-clang, r-devel-linux-x86_64-fedora-gcc, r-patched-solaris-x86, r-release-osx-x86_64, r-oldrel-osx-x86_64