CRAN Package Check Results for Package leaflet.providers

Last updated on 2019-10-20 23:47:28 CEST.

Flavor Version Tinstall Tcheck Ttotal Status Flags
r-devel-linux-x86_64-debian-clang 1.8.0 1.83 18.81 20.64 OK
r-devel-linux-x86_64-debian-gcc 1.8.0 1.40 14.82 16.22 OK
r-devel-linux-x86_64-fedora-clang 1.8.0 24.46 NOTE
r-devel-linux-x86_64-fedora-gcc 1.8.0 23.53 NOTE
r-devel-windows-ix86+x86_64 1.8.0 5.00 70.00 75.00 OK
r-patched-linux-x86_64 1.8.0 1.43 18.33 19.76 OK
r-patched-solaris-x86 1.8.0 37.80 NOTE
r-release-linux-x86_64 1.8.0 1.37 18.04 19.41 OK
r-release-windows-ix86+x86_64 1.8.0 6.00 28.00 34.00 OK
r-release-osx-x86_64 1.8.0 NOTE
r-oldrel-windows-ix86+x86_64 1.8.0 2.00 31.00 33.00 OK
r-oldrel-osx-x86_64 1.8.0 NOTE

Check Details

Version: 1.8.0
Check: dependencies in R code
Result: NOTE
    Namespace in Imports field not imported from: ‘htmltools’
     All declared Imports should be used.
Flavors: r-devel-linux-x86_64-fedora-clang, r-devel-linux-x86_64-fedora-gcc, r-patched-solaris-x86, r-release-osx-x86_64, r-oldrel-osx-x86_64