Last updated on 2023-03-29 00:57:11 CEST.
Flavor | Version | Tinstall | Tcheck | Ttotal | Status | Flags |
---|---|---|---|---|---|---|
r-devel-linux-x86_64-debian-clang | 1.0.0 | 4.19 | 40.97 | 45.16 | NOTE | |
r-devel-linux-x86_64-debian-gcc | 1.0.0 | 4.15 | 31.51 | 35.66 | NOTE | |
r-devel-linux-x86_64-fedora-clang | 1.0.0 | 57.40 | NOTE | |||
r-devel-linux-x86_64-fedora-gcc | 1.0.0 | 54.31 | NOTE | |||
r-devel-windows-x86_64 | 1.0.0 | 520.00 | 0.00 | 520.00 | NOTE | |
r-patched-linux-x86_64 | 1.0.0 | 10.82 | 40.44 | 51.26 | NOTE | |
r-release-linux-x86_64 | 1.0.0 | 5.11 | 40.24 | 45.35 | NOTE | |
r-release-macos-arm64 | 1.0.0 | 22.00 | NOTE | |||
r-release-macos-x86_64 | 1.0.0 | 46.00 | NOTE | |||
r-release-windows-x86_64 | 1.0.0 | 756.00 | 77.00 | 833.00 | NOTE | |
r-oldrel-macos-arm64 | 1.0.0 | 25.00 | NOTE | |||
r-oldrel-macos-x86_64 | 1.0.0 | 34.00 | NOTE | |||
r-oldrel-windows-ix86+x86_64 | 1.0.0 | 14.00 | 74.00 | 88.00 | NOTE |
Version: 1.0.0
Check: LazyData
Result: NOTE
'LazyData' is specified without a 'data' directory
Flavors: r-devel-linux-x86_64-debian-clang, r-devel-linux-x86_64-debian-gcc, r-devel-linux-x86_64-fedora-clang, r-devel-linux-x86_64-fedora-gcc, r-devel-windows-x86_64, r-patched-linux-x86_64, r-release-linux-x86_64, r-release-macos-arm64, r-release-macos-x86_64, r-release-windows-x86_64, r-oldrel-macos-arm64, r-oldrel-macos-x86_64, r-oldrel-windows-ix86+x86_64