CRAN Package Check Results for Package leafdown

Last updated on 2022-08-08 23:53:00 CEST.

Flavor Version Tinstall Tcheck Ttotal Status Flags
r-devel-linux-x86_64-debian-clang 1.1.1 5.70 67.91 73.61 OK
r-devel-linux-x86_64-debian-gcc 1.1.1 5.01 51.67 56.68 OK
r-devel-linux-x86_64-fedora-clang 1.1.1 100.34 NOTE
r-devel-linux-x86_64-fedora-gcc 1.1.1 103.07 NOTE
r-devel-windows-x86_64 1.1.1 27.00 109.00 136.00 OK
r-patched-linux-x86_64 1.1.1 4.81 64.72 69.53 OK
r-release-linux-x86_64 1.1.1 OK
r-release-macos-arm64 1.1.1 32.00 NOTE
r-release-macos-x86_64 1.1.1 71.00 NOTE
r-release-windows-x86_64 1.1.1 37.00 111.00 148.00 OK
r-oldrel-macos-arm64 1.1.1 36.00 NOTE
r-oldrel-macos-x86_64 1.1.1 55.00 NOTE
r-oldrel-windows-ix86+x86_64 1.1.1 15.00 107.00 122.00 OK

Check Details

Version: 1.1.1
Check: data for non-ASCII characters
Result: NOTE
     Note: found 75 marked UTF-8 strings
Flavors: r-devel-linux-x86_64-fedora-clang, r-devel-linux-x86_64-fedora-gcc, r-release-macos-arm64, r-release-macos-x86_64, r-oldrel-macos-arm64, r-oldrel-macos-x86_64