CRAN Package Check Results for Package lcsm

Last updated on 2022-12-09 23:52:11 CET.

Flavor Version Tinstall Tcheck Ttotal Status Flags
r-devel-linux-x86_64-debian-clang 0.1.2 3.51 111.17 114.68 OK
r-devel-linux-x86_64-debian-gcc 0.1.2 3.95 84.47 88.42 OK
r-devel-linux-x86_64-fedora-clang 0.1.2 143.38 NOTE
r-devel-linux-x86_64-fedora-gcc 0.1.2 154.21 NOTE
r-devel-windows-x86_64 0.1.2 16.00 153.00 169.00 OK
r-patched-linux-x86_64 0.1.2 4.74 102.22 106.96 OK
r-release-linux-x86_64 0.1.2 3.62 95.41 99.03 OK
r-release-macos-arm64 0.1.2 45.00 NOTE
r-release-macos-x86_64 0.1.2 69.00 NOTE
r-release-windows-x86_64 0.1.2 26.00 150.00 176.00 OK
r-oldrel-macos-arm64 0.1.2 57.00 NOTE
r-oldrel-macos-x86_64 0.1.2 78.00 NOTE
r-oldrel-windows-ix86+x86_64 0.1.2 13.00 139.00 152.00 OK

Check Details

Version: 0.1.2
Check: dependencies in R code
Result: NOTE
    Namespaces in Imports field not imported from:
     ‘data.table’ ‘utf8’
     All declared Imports should be used.
Flavors: r-devel-linux-x86_64-fedora-clang, r-devel-linux-x86_64-fedora-gcc, r-release-macos-arm64, r-release-macos-x86_64, r-oldrel-macos-arm64, r-oldrel-macos-x86_64