CRAN Package Check Results for Package lconnect

Last updated on 2021-04-17 23:48:29 CEST.

Flavor Version Tinstall Tcheck Ttotal Status Flags
r-devel-linux-x86_64-debian-clang 0.1.1 2.14 29.15 31.29 NOTE
r-devel-linux-x86_64-debian-gcc 0.1.1 1.70 22.70 24.40 NOTE
r-devel-linux-x86_64-fedora-clang 0.1.1 52.00 NOTE
r-devel-linux-x86_64-fedora-gcc 0.1.1 42.28 NOTE
r-devel-windows-ix86+x86_64 0.1.1 5.00 47.00 52.00 NOTE
r-devel-windows-x86_64-gcc10-UCRT 0.1.1 NOTE
r-patched-linux-x86_64 0.1.1 2.09 27.93 30.02 OK
r-patched-solaris-x86 0.1.1 66.80 OK
r-release-linux-x86_64 0.1.1 1.99 28.12 30.11 OK
r-release-macos-x86_64 0.1.1 OK
r-release-windows-ix86+x86_64 0.1.1 23.00 46.00 69.00 OK
r-oldrel-macos-x86_64 0.1.1 OK
r-oldrel-windows-ix86+x86_64 0.1.1 3.00 47.00 50.00 OK

Check Details

Version: 0.1.1
Check: LazyData
Result: NOTE
     'LazyData' is specified without a 'data' directory
Flavors: r-devel-linux-x86_64-debian-clang, r-devel-linux-x86_64-debian-gcc, r-devel-linux-x86_64-fedora-clang, r-devel-linux-x86_64-fedora-gcc, r-devel-windows-ix86+x86_64, r-devel-windows-x86_64-gcc10-UCRT