Last updated on 2022-05-24 23:53:10 CEST.
Flavor | Version | Tinstall | Tcheck | Ttotal | Status | Flags |
---|---|---|---|---|---|---|
r-devel-linux-x86_64-debian-clang | 1.9.5 | 136.81 | 471.61 | 608.42 | OK | |
r-devel-linux-x86_64-debian-gcc | 1.9.5 | 129.68 | 329.70 | 459.38 | OK | |
r-devel-linux-x86_64-fedora-clang | 1.9.5 | 794.26 | NOTE | |||
r-devel-linux-x86_64-fedora-gcc | 1.9.5 | 785.92 | OK | |||
r-devel-windows-x86_64 | 1.9.5 | 129.00 | 514.00 | 643.00 | OK | |
r-patched-linux-x86_64 | 1.9.5 | 127.08 | 468.64 | 595.72 | OK | |
r-release-linux-x86_64 | 1.9.5 | OK | ||||
r-release-macos-arm64 | 1.9.5 | 265.00 | NOTE | |||
r-release-macos-x86_64 | 1.9.5 | 281.00 | NOTE | |||
r-release-windows-x86_64 | 1.9.5 | 143.00 | 527.00 | 670.00 | OK | |
r-oldrel-macos-arm64 | 1.9.5 | 242.00 | NOTE | |||
r-oldrel-macos-x86_64 | 1.9.5 | 282.00 | NOTE | |||
r-oldrel-windows-ix86+x86_64 | 1.9.5 | 283.00 | 612.00 | 895.00 | NOTE |
Version: 1.9.5
Check: installed package size
Result: NOTE
installed size is 5.6Mb
sub-directories of 1Mb or more:
R 1.3Mb
doc 1.8Mb
libs 2.0Mb
Flavors: r-devel-linux-x86_64-fedora-clang, r-release-macos-arm64, r-release-macos-x86_64, r-oldrel-macos-arm64, r-oldrel-macos-x86_64, r-oldrel-windows-ix86+x86_64