CRAN Package Check Results for Package lba

Last updated on 2022-06-26 23:52:01 CEST.

Flavor Version Tinstall Tcheck Ttotal Status Flags
r-devel-linux-x86_64-debian-clang 2.4.5 16.74 83.04 99.78 NOTE
r-devel-linux-x86_64-debian-gcc 2.4.5 11.31 62.02 73.33 NOTE
r-devel-linux-x86_64-fedora-clang 2.4.5 122.30 NOTE
r-devel-linux-x86_64-fedora-gcc 2.4.5 122.51 NOTE
r-devel-windows-x86_64 2.4.5 26.00 97.00 123.00 NOTE
r-patched-linux-x86_64 2.4.5 11.76 78.00 89.76 OK
r-release-linux-x86_64 2.4.5 10.17 78.07 88.24 OK
r-release-macos-arm64 2.4.5 33.00 OK
r-release-macos-x86_64 2.4.5 46.00 OK
r-release-windows-x86_64 2.4.5 24.00 101.00 125.00 OK
r-oldrel-macos-arm64 2.4.5 31.00 OK
r-oldrel-macos-x86_64 2.4.5 45.00 OK
r-oldrel-windows-ix86+x86_64 2.4.5 23.00 92.00 115.00 OK

Check Details

Version: 2.4.5
Check: Rd files
Result: NOTE
    checkRd: (-1) goodnessfit.Rd:105: Escaped LaTeX specials: \&
    checkRd: (-1) lba.Rd:252: Escaped LaTeX specials: \&
    checkRd: (-1) pregnancy.Rd:42: Escaped LaTeX specials: \&
    checkRd: (-1) pregnancy.Rd:46: Escaped LaTeX specials: \&
Flavors: r-devel-linux-x86_64-debian-clang, r-devel-linux-x86_64-debian-gcc, r-devel-linux-x86_64-fedora-clang, r-devel-linux-x86_64-fedora-gcc, r-devel-windows-x86_64