CRAN Package Check Results for Package lazyeval

Last updated on 2019-06-07 02:50:56 CEST.

Flavor Version Tinstall Tcheck Ttotal Status Flags
r-devel-linux-x86_64-debian-clang 0.2.2 3.30 28.46 31.76 OK
r-devel-linux-x86_64-debian-gcc 0.2.2 2.31 22.97 25.28 OK
r-devel-linux-x86_64-fedora-clang 0.2.2 38.80 OK
r-devel-linux-x86_64-fedora-gcc 0.2.2 37.20 OK
r-devel-windows-ix86+x86_64 0.2.2 22.00 7.00 29.00 ERROR
r-patched-linux-x86_64 0.2.2 3.29 28.21 31.50 OK
r-patched-solaris-x86 0.2.2 54.60 OK
r-release-linux-x86_64 0.2.2 2.86 28.17 31.03 OK
r-release-windows-ix86+x86_64 0.2.2 15.00 68.00 83.00 OK
r-release-osx-x86_64 0.2.2 ERROR
r-oldrel-windows-ix86+x86_64 0.2.2 33.00 71.00 104.00 OK
r-oldrel-osx-x86_64 0.2.2 OK

Check Details

Version: 0.2.2
Check: whether package can be installed
Result: ERROR
    Installation failed.
Flavor: r-devel-windows-ix86+x86_64

Version: 0.2.2
Check: tests
Result: ERROR
     Running ‘testthat.R’ [0s/1s]
    Running the tests in ‘tests/testthat.R’ failed.
    Complete output:
     > library(testthat)
     Error: package or namespace load failed for 'testthat' in loadNamespace(i, c(lib.loc, .libPaths()), versionCheck = vI[[i]]):
     there is no package called 'rlang'
     Execution halted
Flavor: r-release-osx-x86_64