CRAN Package Check Results for Package lavaSearch2

Last updated on 2022-01-17 23:51:27 CET.

Flavor Version Tinstall Tcheck Ttotal Status Flags
r-devel-linux-x86_64-debian-clang 1.5.6 60.62 323.86 384.48 OK
r-devel-linux-x86_64-debian-gcc 1.5.6 47.22 232.21 279.43 OK
r-devel-linux-x86_64-fedora-clang 1.5.6 465.58 OK
r-devel-linux-x86_64-fedora-gcc 1.5.6 444.76 OK
r-devel-windows-x86_64-new-UL 1.5.6 337.00 372.00 709.00 OK
r-devel-windows-x86_64-new-TK 1.5.6 ERROR
r-patched-linux-x86_64 1.5.6 52.47 304.32 356.79 OK
r-release-linux-x86_64 1.5.6 OK
r-release-macos-arm64 1.5.6 OK
r-release-macos-x86_64 1.5.6 OK
r-release-windows-ix86+x86_64 1.5.6 151.00 580.00 731.00 OK
r-oldrel-macos-x86_64 1.5.6 OK
r-oldrel-windows-ix86+x86_64 1.5.6 151.00 572.00 723.00 OK

Check Details

Version: 1.5.6
Check: package dependencies
Result: NOTE
    Packages suggested but not available for checking:
     'lme4', 'lmerTest', 'pbkrtest'
Flavor: r-devel-windows-x86_64-new-TK

Version: 1.5.6
Check: tests
Result: ERROR
     Running 'test-all.R'
    Running the tests in 'tests/test-all.R' failed.
    Complete output:
     > #library(lavaSearch2)
     > suppressPackageStartupMessages(library("testthat"))
     > test_check("lavaSearch2")
     Loading required package: lavaSearch2
     Loading required package: ggplot2
     Loading required package: lava
    
     Attaching package: 'lava'
    
     The following object is masked from 'package:ggplot2':
    
     vars
    
     The following object is masked from 'package:testthat':
    
     compare
    
     lavaSearch2 version 1.5.6
     ══ Skipped tests ═══════════════════════════════════════════════════════════════
     • empty test (4)
    
     ══ Failed tests ════════════════════════════════════════════════════════════════
     ── Error (test1-compare2.R:42:1): (code run outside of `test_that()`) ──────────
     <packageNotFoundError/error/condition>
     Error in `library(lme4)`: there is no package called 'lme4'
     Backtrace:
     █
     1. └─base::library(lme4) test1-compare2.R:42:0
    
     [ FAIL 1 | WARN 4 | SKIP 4 | PASS 438 ]
     Error: Test failures
     Execution halted
Flavor: r-devel-windows-x86_64-new-TK