CRAN Package Check Results for Package latticeDensity

Last updated on 2022-12-03 23:56:18 CET.

Flavor Version Tinstall Tcheck Ttotal Status Flags
r-devel-linux-x86_64-debian-clang 1.2.6 16.63 255.03 271.66 OK
r-devel-linux-x86_64-debian-gcc 1.2.6 11.80 189.25 201.05 OK
r-devel-linux-x86_64-fedora-clang 1.2.6 348.69 NOTE
r-devel-linux-x86_64-fedora-gcc 1.2.6 363.45 NOTE
r-devel-windows-x86_64 1.2.6 70.00 269.00 339.00 OK
r-patched-linux-x86_64 1.2.6 15.52 240.37 255.89 OK
r-release-linux-x86_64 1.2.6 14.02 250.60 264.62 OK
r-release-macos-arm64 1.2.6 144.00 NOTE
r-release-macos-x86_64 1.2.6 248.00 NOTE
r-release-windows-x86_64 1.2.6 53.00 292.00 345.00 OK
r-oldrel-macos-arm64 1.2.6 115.00 NOTE
r-oldrel-macos-x86_64 1.2.6 189.00 NOTE
r-oldrel-windows-ix86+x86_64 1.2.6 40.00 281.00 321.00 OK

Check Details

Version: 1.2.6
Check: dependencies in R code
Result: NOTE
    Namespace in Imports field not imported from: ‘sf’
     All declared Imports should be used.
Flavors: r-devel-linux-x86_64-fedora-clang, r-devel-linux-x86_64-fedora-gcc, r-release-macos-arm64, r-release-macos-x86_64, r-oldrel-macos-arm64, r-oldrel-macos-x86_64