CRAN Package Check Results for Package landscapemetrics

Last updated on 2022-01-25 23:50:29 CET.

Flavor Version Tinstall Tcheck Ttotal Status Flags
r-devel-linux-x86_64-debian-clang 1.5.4 158.30 565.55 723.85 OK
r-devel-linux-x86_64-debian-gcc 1.5.4 123.26 434.69 557.95 OK
r-devel-linux-x86_64-fedora-clang 1.5.4 914.06 NOTE
r-devel-linux-x86_64-fedora-gcc 1.5.4 897.28 OK
r-devel-windows-x86_64-new-UL 1.5.4 1319.00 657.00 1976.00 OK
r-devel-windows-x86_64-new-TK 1.5.4 OK
r-patched-linux-x86_64 1.5.4 153.98 526.79 680.77 OK
r-release-linux-x86_64 1.5.4 144.68 526.07 670.75 OK
r-release-macos-arm64 1.5.4 NOTE
r-release-macos-x86_64 1.5.4 NOTE
r-release-windows-ix86+x86_64 1.5.4 390.00 1003.00 1393.00 OK
r-oldrel-macos-x86_64 1.5.4 NOTE
r-oldrel-windows-ix86+x86_64 1.5.4 394.00 1022.00 1416.00 OK

Check Details

Version: 1.5.4
Check: installed package size
Result: NOTE
     installed size is 5.3Mb
     sub-directories of 1Mb or more:
     libs 3.6Mb
Flavors: r-devel-linux-x86_64-fedora-clang, r-release-macos-arm64, r-release-macos-x86_64, r-oldrel-macos-x86_64