CRAN Package Check Results for Package l0ara

Last updated on 2022-12-02 23:50:31 CET.

Flavor Version Tinstall Tcheck Ttotal Status Flags
r-devel-linux-x86_64-debian-clang 0.1.6 34.79 31.11 65.90 NOTE
r-devel-linux-x86_64-debian-gcc 0.1.6 26.81 24.67 51.48 NOTE
r-devel-linux-x86_64-fedora-clang 0.1.6 104.28 NOTE
r-devel-linux-x86_64-fedora-gcc 0.1.6 100.71 NOTE
r-devel-windows-x86_64 0.1.6 37.00 78.00 115.00 NOTE
r-patched-linux-x86_64 0.1.6 27.86 29.79 57.65 NOTE
r-release-linux-x86_64 0.1.6 27.92 29.57 57.49 NOTE
r-release-macos-arm64 0.1.6 28.00 NOTE
r-release-macos-x86_64 0.1.6 36.00 NOTE
r-release-windows-x86_64 0.1.6 43.00 82.00 125.00 NOTE
r-oldrel-macos-arm64 0.1.6 29.00 NOTE
r-oldrel-macos-x86_64 0.1.6 51.00 NOTE
r-oldrel-windows-ix86+x86_64 0.1.6 88.00 77.00 165.00 NOTE

Check Details

Version: 0.1.6
Check: LazyData
Result: NOTE
     'LazyData' is specified without a 'data' directory
Flavors: r-devel-linux-x86_64-debian-clang, r-devel-linux-x86_64-debian-gcc, r-devel-linux-x86_64-fedora-clang, r-devel-linux-x86_64-fedora-gcc, r-devel-windows-x86_64, r-patched-linux-x86_64, r-release-linux-x86_64, r-release-macos-arm64, r-release-macos-x86_64, r-release-windows-x86_64, r-oldrel-macos-arm64, r-oldrel-macos-x86_64, r-oldrel-windows-ix86+x86_64