Last updated on 2021-04-14 23:47:15 CEST.
Flavor | Version | Tinstall | Tcheck | Ttotal | Status | Flags |
---|---|---|---|---|---|---|
r-devel-linux-x86_64-debian-clang | 1.5.0.2 | 8.27 | 60.65 | 68.92 | OK | |
r-devel-linux-x86_64-debian-gcc | 1.5.0.2 | 6.07 | 45.17 | 51.24 | OK | |
r-devel-linux-x86_64-fedora-clang | 1.5.0.2 | 89.98 | NOTE | |||
r-devel-linux-x86_64-fedora-gcc | 1.5.0.2 | 80.53 | OK | |||
r-devel-windows-ix86+x86_64 | 1.5.0.2 | 16.00 | 107.00 | 123.00 | OK | |
r-devel-windows-x86_64-gcc10-UCRT | 1.5.0.2 | OK | ||||
r-patched-linux-x86_64 | 1.5.0.2 | 7.29 | 55.55 | 62.84 | OK | |
r-patched-solaris-x86 | 1.5.0.2 | 105.40 | OK | |||
r-release-linux-x86_64 | 1.5.0.2 | 8.13 | 56.30 | 64.43 | OK | |
r-release-macos-x86_64 | 1.5.0.2 | OK | ||||
r-release-windows-ix86+x86_64 | 1.5.0.2 | 14.00 | 104.00 | 118.00 | OK | |
r-oldrel-macos-x86_64 | 1.5.0.2 | OK | ||||
r-oldrel-windows-ix86+x86_64 | 1.5.0.2 | 15.00 | 75.00 | 90.00 | OK |
Version: 1.5.0.2
Check: Rd cross-references
Result: NOTE
Undeclared package ‘kza’ in Rd xrefs
Flavor: r-devel-linux-x86_64-fedora-clang