CRAN Package Check Results for Package kutils

Last updated on 2019-12-08 23:47:26 CET.

Flavor Version Tinstall Tcheck Ttotal Status Flags
r-devel-linux-x86_64-debian-clang 1.69 9.61 72.20 81.81 OK
r-devel-linux-x86_64-debian-gcc 1.69 7.31 56.96 64.27 OK
r-devel-linux-x86_64-fedora-clang 1.69 95.45 NOTE
r-devel-linux-x86_64-fedora-gcc 1.69 95.98 NOTE
r-devel-windows-ix86+x86_64 1.69 14.00 123.00 137.00 OK
r-devel-windows-ix86+x86_64-gcc8 1.69 16.00 93.00 109.00 OK
r-patched-linux-x86_64 1.69 7.38 64.99 72.37 OK
r-patched-solaris-x86 1.69 120.60 NOTE
r-release-linux-x86_64 1.69 8.25 65.54 73.79 OK
r-release-windows-ix86+x86_64 1.69 20.00 90.00 110.00 OK
r-release-osx-x86_64 1.69 NOTE
r-oldrel-windows-ix86+x86_64 1.69 8.00 73.00 81.00 OK
r-oldrel-osx-x86_64 1.69 NOTE

Check Details

Version: 1.69
Check: dependencies in R code
Result: NOTE
    Namespace in Imports field not imported from: ‘RUnit’
     All declared Imports should be used.
Flavors: r-devel-linux-x86_64-fedora-clang, r-devel-linux-x86_64-fedora-gcc, r-patched-solaris-x86, r-release-osx-x86_64, r-oldrel-osx-x86_64