CRAN Package Check Results for Package konfound

Last updated on 2022-05-18 23:52:16 CEST.

Flavor Version Tinstall Tcheck Ttotal Status Flags
r-devel-linux-x86_64-debian-clang 0.4.0 6.98 104.20 111.18 OK
r-devel-linux-x86_64-debian-gcc 0.4.0 6.25 77.71 83.96 OK
r-devel-linux-x86_64-fedora-clang 0.4.0 131.13 NOTE
r-devel-linux-x86_64-fedora-gcc 0.4.0 125.64 NOTE
r-devel-windows-x86_64 0.4.0 23.00 118.00 141.00 OK
r-patched-linux-x86_64 0.4.0 7.67 97.76 105.43 OK
r-release-linux-x86_64 0.4.0 7.38 97.26 104.64 OK
r-release-macos-arm64 0.4.0 38.00 NOTE
r-release-macos-x86_64 0.4.0 68.00 NOTE
r-release-windows-x86_64 0.4.0 35.00 118.00 153.00 OK
r-oldrel-macos-arm64 0.4.0 46.00 NOTE
r-oldrel-macos-x86_64 0.4.0 49.00 NOTE
r-oldrel-windows-ix86+x86_64 0.4.0 18.00 105.00 123.00 OK

Check Details

Version: 0.4.0
Check: dependencies in R code
Result: NOTE
    Namespaces in Imports field not imported from:
     ‘mice’ ‘tibble’
     All declared Imports should be used.
Flavors: r-devel-linux-x86_64-fedora-clang, r-devel-linux-x86_64-fedora-gcc, r-release-macos-arm64, r-release-macos-x86_64, r-oldrel-macos-arm64, r-oldrel-macos-x86_64