CRAN Package Check Results for Package komadown

Last updated on 2019-10-13 23:47:23 CEST.

Flavor Version Tinstall Tcheck Ttotal Status Flags
r-devel-linux-x86_64-debian-clang 0.2.0 1.82 26.82 28.64 NOTE
r-devel-linux-x86_64-debian-gcc 0.2.0 1.28 21.43 22.71 NOTE
r-devel-linux-x86_64-fedora-clang 0.2.0 36.06 NOTE
r-devel-linux-x86_64-fedora-gcc 0.2.0 30.02 WARN
r-devel-windows-ix86+x86_64 0.2.0 5.00 83.00 88.00 OK
r-patched-linux-x86_64 0.2.0 1.43 26.29 27.72 OK
r-patched-solaris-x86 0.2.0 45.70 OK
r-release-linux-x86_64 0.2.0 1.44 26.04 27.48 OK
r-release-windows-ix86+x86_64 0.2.0 6.00 57.00 63.00 OK
r-release-osx-x86_64 0.2.0 OK
r-oldrel-windows-ix86+x86_64 0.2.0 2.00 51.00 53.00 OK
r-oldrel-osx-x86_64 0.2.0 OK

Check Details

Version: 0.2.0
Check: for non-standard things in the check directory
Result: NOTE
    Found the following files/directories:
     'MyArticle.Rmd'
Flavors: r-devel-linux-x86_64-debian-clang, r-devel-linux-x86_64-debian-gcc, r-devel-linux-x86_64-fedora-clang, r-devel-linux-x86_64-fedora-gcc

Version: 0.2.0
Check: re-building of vignette outputs
Result: WARN
    Error(s) in re-building vignettes:
    --- re-building ‘scrartcl.Rmd’ using rmarkdown
    ! LaTeX Error: Command `\mathscr' already defined.
    
    Error: processing vignette 'scrartcl.Rmd' failed with diagnostics:
    Failed to compile scrartcl.tex. See https://yihui.name/tinytex/r/#debugging for debugging tips. See scrartcl.log for more info.
    --- failed re-building ‘scrartcl.Rmd’
    
    SUMMARY: processing the following file failed:
     ‘scrartcl.Rmd’
    
    Error: Vignette re-building failed.
    Execution halted
Flavor: r-devel-linux-x86_64-fedora-gcc