CRAN Package Check Results for Package kokudosuuchi

Last updated on 2019-07-15 00:50:36 CEST.

Flavor Version Tinstall Tcheck Ttotal Status Flags
r-devel-linux-x86_64-debian-clang 0.4.2 3.83 35.59 39.42 OK
r-devel-linux-x86_64-debian-gcc 0.4.2 3.67 29.22 32.89 OK
r-devel-linux-x86_64-fedora-clang 0.4.2 46.45 NOTE
r-devel-linux-x86_64-fedora-gcc 0.4.2 45.33 NOTE
r-devel-windows-ix86+x86_64 0.4.2 9.00 53.00 62.00 OK
r-patched-linux-x86_64 0.4.2 3.95 34.95 38.90 OK
r-patched-solaris-x86 0.4.2 76.50 NOTE
r-release-linux-x86_64 0.4.2 3.57 35.36 38.93 OK
r-release-windows-ix86+x86_64 0.4.2 10.00 51.00 61.00 OK
r-release-osx-x86_64 0.4.2 NOTE
r-oldrel-windows-ix86+x86_64 0.4.2 11.00 70.00 81.00 OK
r-oldrel-osx-x86_64 0.4.2 NOTE

Check Details

Version: 0.4.2
Check: data for non-ASCII characters
Result: NOTE
     Note: found 52458 marked UTF-8 strings
Flavors: r-devel-linux-x86_64-fedora-clang, r-devel-linux-x86_64-fedora-gcc, r-patched-solaris-x86, r-release-osx-x86_64, r-oldrel-osx-x86_64