CRAN Package Check Results for Package kokudosuuchi

Last updated on 2019-11-10 23:48:30 CET.

Flavor Version Tinstall Tcheck Ttotal Status Flags
r-devel-linux-x86_64-debian-clang 0.4.2 4.54 36.71 41.25 OK
r-devel-linux-x86_64-debian-gcc 0.4.2 3.85 28.89 32.74 OK
r-devel-linux-x86_64-fedora-clang 0.4.2 49.57 NOTE
r-devel-linux-x86_64-fedora-gcc 0.4.2 47.72 NOTE
r-devel-windows-ix86+x86_64 0.4.2 11.00 54.00 65.00 OK
r-patched-linux-x86_64 0.4.2 3.73 34.98 38.71 OK
r-patched-solaris-x86 0.4.2 70.80 NOTE
r-release-linux-x86_64 0.4.2 4.29 34.76 39.05 OK
r-release-windows-ix86+x86_64 0.4.2 16.00 79.00 95.00 OK
r-release-osx-x86_64 0.4.2 NOTE
r-oldrel-windows-ix86+x86_64 0.4.2 11.00 71.00 82.00 OK
r-oldrel-osx-x86_64 0.4.2 NOTE

Check Details

Version: 0.4.2
Check: data for non-ASCII characters
Result: NOTE
     Note: found 52458 marked UTF-8 strings
Flavors: r-devel-linux-x86_64-fedora-clang, r-devel-linux-x86_64-fedora-gcc, r-patched-solaris-x86, r-release-osx-x86_64, r-oldrel-osx-x86_64